isor of 22 and n?
22
Let v(r) be the third derivative of -r**4 + r**3/6 - 110*r**2. Let p be v(-2). Calculate the highest common factor of p and 539.
49
Let l be 8/(40/1245) + 1. Let q be 6/16 + (-306)/48. Let v(m) = -m**3 - 4*m**2 + 6*m + 14. Let c be v(q). What is the highest common divisor of c and l?
50
Suppose 199*m - 87675 = 32*m. Let x(q) = 5*q - 9. Let s be x(6). What is the greatest common divisor of s and m?
21
Let m = -7976 + 7991. Calculate the greatest common factor of m and 1665.
15
Suppose 2*p + 4*g - 108 = 0, -36*g = -2*p - 31*g + 135. What is the greatest common divisor of 4164 and p?
12
Suppose 2*x - 777 + 461 = 0. Suppose 24*i + x - 806 = 0. What is the greatest common factor of i and 261?
9
Suppose 13606187 - 493973 + 1655330 = 451*u. What is the greatest common factor of u and 8?
8
Suppose 0 = -5*n + 4*v - v + 1313, 4*n - v = 1056. Let r(a) = -50*a + 155. Let m be r(3). Calculate the highest common factor of n and m.
5
Suppose 1 = -2*u + 2*j - 3, 5*u + 3*j = 14. Let d be 5/u*(-44)/(-10). Let w be ((-4)/(-10))/(2/110). What is the highest common divisor of w and d?
22
Let y(v) = -v**2 + 32*v - 109. Let d be y(5). Calculate the highest common factor of 1027 and d.
13
Let d(b) = -2*b**3 - 16*b**2 - 10*b - 22. Let j be d(-9). Suppose -10 - j = -8*u. Suppose -u = 24*v - 27*v. Calculate the greatest common divisor of v and 20.
10
Let n be 14/4*8580/1155. Let q(j) = -139*j + 16. Let h be q(-4). What is the highest common factor of h and n?
26
Let b(a) = 2*a + 1. Let f be b(4). Suppose -2*k - f*k = -44. Let y be (-184)/(-24) - 1/(-3). What is the highest common factor of y and k?
4
Suppose 0*m = -2*m + 560. Let b = 1178 - 1034. Suppose 3*c - m = d, 4*d = 4*c - 232 - b. Calculate the greatest common divisor of c and 31.
31
Suppose -f = 5*d - 3*d - 486, 0 = -2*f + 12. What is the greatest common divisor of 460 and d?
20
Let p be (-3 + 3)*((-1)/2 - 0). Suppose -10*g + 13*g - 4*x = 29, 5*g + 5*x + 10 = p. What is the highest common factor of g and 87?
3
Let v(u) = 2*u**2 + 18*u + 20. Let f(x) = 17*x - 4. Let t be f(2). Let i = t - 41. Let r be v(i). What is the greatest common factor of 8 and r?
8
Let v(k) = 34*k + 4. Let i be v(6). Let q = -5895 - -5921. What is the greatest common factor of i and q?
26
Let u = -74 - -146. Suppose 3*z + 103 - 97 = 0, p - 2*z = 13. Let r be ((-4)/42*p)/((-16)/1008). Calculate the greatest common factor of r and u.
18
Let m(j) = -47*j - 80. Let c be m(-10). Let o(k) = -22*k - 20. Let z be o(-8). What is the greatest common factor of z and c?
78
Let w = -155 - -164. Let a(k) = -k**3 + 4*k**2 + 4*k. Let h be (-2)/4*17/(119/(-42)). Let s be a(h). Calculate the greatest common factor of w and s.
3
Let m(z) = z**2 + 203*z - 2565. Let j be m(12). Calculate the highest common divisor of 2715 and j.
15
Let b = 974 - 930. Suppose 2*t - 5*p + 64 = 5*t, 4*p + b = t. Calculate the highest common factor of 182 and t.
14
Let s be (9/(-7))/(-3) - (-47188)/(-329). Let r = 325 + s. What is the greatest common factor of 14 and r?
14
Let y be (-24)/(-5) + 1/5. Suppose -219*i - 4800 = -224*i. Suppose y*x - 920 = -3*s, 2*s - 3*x = -s + i. What is the highest common divisor of s and 35?
35
Suppose -163 + 145 = -t - 3*m, 4*t - 48 = -4*m. Calculate the greatest common divisor of t and 15.
3
Let l(g) = -22*g + 70. Let c be l(3). Suppose 6*j - 988 = c*j. Calculate the greatest common factor of 26 and j.
26
Let y = -218 + 1083. What is the highest common divisor of 20 and y?
5
Let r(x) = -36*x - 47. Let u be r(-8). Suppose -6*y + 3*k = -10*y + 288, -3*y + 4*k = -u. Calculate the greatest common divisor of 60 and y.
15
Suppose 3*k = -2*b + 4211, -23*k + 25*k = 2*b - 4216. Calculate the highest common factor of b and 49.
49
Let h(g) = -557*g - 3. Let t be h(-4). Suppose -t + 6040 = -x. Let u be x/(-45) - (-2)/9. What is the highest common divisor of u and 34?
17
Suppose 31*j = 29*j + 2*h + 460, 2*h = -4*j + 890. What is the greatest common divisor of 4250 and j?
25
Let g(c) = 6*c**2 + 2*c - 10. Let l(n) = -5*n - 53. Let s be l(-10). Let d be g(s). What is the greatest common factor of 19 and d?
19
Suppose -4*m + 4*u + 45 - 5 = 0, 0 = -4*m + 5*u + 41. Suppose -2*q - 48 = -4*a, -14*a = -m*a - 2*q - 61. What is the highest common factor of a and 39?
13
Suppose -4*q - 10 + 70 = 0. Suppose 12 = -h + q. Let v(a) = -a**3 + a**2 + 4*a + 3. Let u be v(-3). Calculate the highest common factor of h and u.
3
Suppose -9*w = -16*w. Let k be 70/22 - (4/22 + w). Let b be -1 - 3/k - -6. What is the greatest common factor of 32 and b?
4
Suppose 0 = -u + 4*q - 905, 4*q - 6*q + 4435 = -5*u. Let o = -837 - u. What is the highest common divisor of o and 24?
24
Let f = -19947 - -45702. Calculate the highest common divisor of f and 606.
303
Let p(v) = 5*v + 14. Let c be p(5). Let x be (-1 + c)/((-12)/(-6)). Suppose 4*q = 1 + x. Calculate the greatest common factor of q and 40.
5
Let d(l) = 194*l**2 + 4*l - 341*l**2 + 175*l**2. Let z be d(-1). Suppose 50 = 2*m + 2. What is the greatest common factor of z and m?
24
Let q = -3287 - -3848. Calculate the greatest common divisor of 187 and q.
187
Let x = -45 + 87. Suppose -2*n = -3*k - 24, 3*k = 4*k - 3*n + 15. Let f be (-820)/(-12) - 5 - (-2)/k. What is the greatest common divisor of f and x?
21
Let r be 22/132 - 5/(-6). Let q be (-6 + r)*5/(50/(-108)). Calculate the highest common divisor of 6 and q.
6
Suppose -5*v + 0*x = 5*x - 150, -5*x - 120 = -5*v. What is the highest common factor of 351 and v?
27
Suppose 4*j = 7*u - 3*u - 1828, -467 = -u - j. Let o be (-2)/12 + 5373/162. What is the highest common factor of o and u?
33
Let v be -1 - (-4 + 1) - -61. Let n(y) = -5*y**2 - 15*y + 7 + 6 + y**3 + 3. Let a be n(7). What is the highest common factor of v and a?
9
Let p = -32 + 34. Suppose -5*f = -8*f - p*d + 575, -555 = -3*f + 3*d. What is the greatest common divisor of f and 27?
27
Let v(t) = -20*t + 123. Let f be v(5). Let x(y) = -2*y + 66. Let n be x(f). What is the highest common factor of 45 and n?
5
Suppose 2*h + 743 + 633 = -4*k, 4*h = -2*k - 2758. Let c = h + 697. What is the highest common factor of 448 and c?
7
Suppose -918 = 6*n - 0*n. Let p = n + 432. What is the greatest common factor of p and 9?
9
Suppose -550*t + 569*t = 39558. Calculate the greatest common factor of t and 6.
6
Suppose 125*p = 124*p + 137. Let d be 7/(-1) + (p - 28). What is the greatest common divisor of d and 34?
34
Let u = 237 + 2355. Calculate the highest common factor of u and 81.
81
Let z be 192/10 - ((-6)/(150/(-155)) - 6). Calculate the highest common factor of z and 20691.
19
Let p = -1182 - -1208. Calculate the greatest common factor of 382 and p.
2
Let t be 2 - 1 - (-118)/2. Suppose 192 = 2*l + 3*l + 2*i, 0 = 2*l + 5*i - t. Let q = -25 - -41. What is the greatest common divisor of l and q?
8
Suppose 12*f = -23*f + 1050. Calculate the highest common factor of f and 1455.
15
Let k = 292 - 286. Let f be (17280/672)/(k/56). Calculate the highest common factor of f and 64.
16
Let w be 6 - (-11280 + -9) - 9. Calculate the highest common divisor of 44 and w.
22
Suppose -283*o + 386*o - 6798 = 0. What is the highest common divisor of 3333 and o?
33
Suppose 5*x - 21 - 89 = 0. Suppose 12 - x = -b - 4*p, 15 = 2*b + 3*p. Let g(i) = 5*i**2 + i. Let r be g(1). Calculate the highest common divisor of b and r.
6
Let k = -251 + 255. Suppose -6*r + 2*r - 240 = -5*d, -2*r = k*d - 192. Calculate the greatest common factor of 24 and d.
24
Let k be 28/4 + (-1 - 1). Let s be 1 + -604*15/(-20). Suppose -k*c = s - 1719. What is the highest common factor of 23 and c?
23
Let v(n) = 373*n - 1505. Let f be v(11). What is the greatest common factor of f and 6?
6
Let h(l) = 318*l + 188. Let z be h(5). What is the greatest common divisor of z and 70?
14
Let h(l) = l**3 - 34*l**2 + 55*l - 138. Let b be h(33). Calculate the greatest common factor of b and 238.
14
Let u be (-1 - (-12)/(-15))/((-12195)/(-1525) - 8). Calculate the greatest common factor of u and 207.
9
Suppose 59 = -3*b - 5*w, -6*b + 2*b + 5*w = 32. Let x(v) = -v**3 - 11*v**2 + 25*v + 29. Let o be x(b). What is the greatest common factor of 210 and o?
42
Suppose 2*r + 521 = -585. Let q = -319 - r. Let a = -2083 - -2109. What is the greatest common divisor of q and a?
26
Let t(f) = -